254 is divided by q/(430/(-85) + 5).
16
Calculate the remainder when 119 is divided by 5 - 16 - -13 - -2.
3
Let v(o) = 2*o + 17. Let i be v(-13). Let g be 3/i - (-4)/(-6). What is the remainder when 2 - -2 - 61*g is divided by 17?
14
What is the remainder when 75 is divided by 0 - -38 - (-24 + 20)?
33
Let r = 56 + -54. Suppose -r*f - 24 = -5*f. Suppose 5*g = g + 12. Calculate the remainder when f is divided by g.
2
Let i = 39 - 0. Let m = i - 29. Let g = 39 + -21. Calculate the remainder when g is divided by m.
8
Suppose 601 = 3*f - 836. Let j be (3 + 3 + (-52)/8)*-18. Suppose -f = -8*d + j. What is the remainder when d is divided by 32?
29
Let u(d) = -2*d - 6. Let s be u(-6). Let m(p) = -6 + 13*p - 14*p - 4*p**3 + 0*p**2 + 3*p**3 + 7*p**2. Calculate the remainder when m(s) is divided by 14.
10
Suppose 95 = 5*k + 5. Suppose -t - 4*d + 8 = -d, -t = -2*d - k. What is the remainder when t is divided by 8?
6
Let k(l) = -3*l. Let t be k(-10). Let z = 35 - t. Suppose 0 = -2*d + 7*d - 70. What is the remainder when d is divided by z?
4
Suppose -3*s + 49 = 4*s. Suppose 4*a - s*a = -15. What is the remainder when 14 is divided by a?
4
Suppose 7*q - 5*q + g = 86, 5*q - g = 222. What is the remainder when 135 is divided by q?
3
Suppose 0 = -3*o - d - 19, -3*o - 26 = 3*d + 1. Let y be 32/o - (-8)/20. Calculate the remainder when 15 is divided by y/(-2) - 1*-6.
6
Let c = 55 - 27. Let b = 26 + 53. What is the remainder when b is divided by 187/7 + 8/c?
25
Let k(i) = i + 19. Suppose -2*m - 173 = -5*r, -2*m + 189 - 257 = -2*r. What is the remainder when r is divided by k(0)?
16
Let o(d) = d**2 - 22*d + 52. What is the remainder when 21 is divided by o(20)?
9
Let v = 6 + -5. Suppose -2*j = -f + v + 10, -2*f + j + 13 = 0. Suppose -2*s + 50 = w - 3*w, 3*s - 107 = -f*w. Calculate the remainder when s is divided by 15.
14
Calculate the remainder when 65 is divided by 390/95 + (-6)/57.
1
Suppose 2*t - 2*s - 3 = 3*s, 0 = -2*s + 6. What is the remainder when 25 is divided by t?
7
Let g be (92/(-6))/(2/6). Let z(l) = 3*l**2 + 38*l + 12. Let f be z(-10). Let c = g - f. What is the remainder when 41 is divided by c?
19
Let v(m) be the first derivative of -m**4/4 - m**3/3 - m**2/2 + 2*m + 35. What is the remainder when 42 is divided by v(-3)?
19
Let v = -5 - -3. Let l = v - 6. Calculate the remainder when ((-66)/2)/(-9 - l) is divided by 12.
9
What is the remainder when 35 is divided by ((-43)/129)/((-1)/102)?
1
Let d = -474 - -663. Suppose 0 = -17*v + 20*v - d. Let z = -9 + v. Calculate the remainder when z is divided by 11.
10
Suppose 0 = -8*f - 15*f + 897. Calculate the remainder when 271 is divided by f.
37
Suppose 5*b - 10*b + 100 = 0. Suppose 56 = 2*n + b. Calculate the remainder when -2 - (-9)/(-6)*-48 is divided by n.
16
Let r(b) = -b + 2. Let v be r(-6). Let t = 31 + v. Let g = 72 - t. Calculate the remainder when g is divided by 7.
5
Let t = -244 + 295. Calculate the remainder when t is divided by 23.
5
Suppose j + 3*j - 2*i - 24 = 0, -16 = -j + 3*i. Let m be (-3)/(-4) - ((-38)/(-8) - 1). What is the remainder when 18/4 - m/2 is divided by j?
2
Suppose -33 = 4*n - 5. Let a(k) = -k**3 - 7*k**2 - 2*k + 1. Calculate the remainder when 43 is divided by a(n).
13
Let g = 24 + 30. Calculate the remainder when g is divided by 1*660/77 + 4/(-7).
6
Suppose -5*l = -4*z - 3*l + 486, -3*z + 372 = -3*l. What is the remainder when z is divided by 42?
35
Let q(m) = 6*m**3 + m**2 + 6*m - 11. Calculate the remainder when q(2) is divided by 28.
25
What is the remainder when ((-63)/(-9) - 949)/(-3) is divided by 53?
49
Suppose 0 = 3*d + 4*z + 10, -3*d - 4*z - 6 = 2*d. Suppose -40 = -d*s - 2*s. Let a(x) = -4*x + 10. Calculate the remainder when a(-7) is divided by s.
8
Let c(v) = v**3 - 6*v**2 - 16*v + 6. Let j be c(7). Let y = j + 28. Let s = -9 - y. What is the remainder when 76 is divided by s?
16
Suppose -34*s - 128 = -50*s. What is the remainder when 181 is divided by s?
5
Let y(v) = 31*v + 100. What is the remainder when y(5) is divided by 6?
3
What is the remainder when (105493/(-166))/((-1)/2) is divided by 25?
21
What is the remainder when 479 is divided by (2/3)/((-5)/(1575/(-14)))?
14
Let i be 4 - -3*(-2)/6*-1. Suppose t - 14 = -3*d, i*d - 4*d = -2*t + 18. Let x(s) = s - 1. Calculate the remainder when t is divided by x(3).
0
Suppose 25 = -5*n, 4*z - 37 = 3*n + 2*n. Suppose h - 2*c + 6*c = 28, z*c - 24 = -h. Calculate the remainder when 47 is divided by h.
11
Suppose 0*r = 5*r - 240. Let d = -31 + r. Let g = -6 - -15. Calculate the remainder when d is divided by g.
8
Let r = 257 + -195. What is the remainder when r is divided by 13?
10
Let y = -7 - -13. Suppose -u - 13 = -4*k, 4*k - 19 = -0*k - u. Suppose -18 + 4 = -k*m + g, 5*m = 2*g + 19. Calculate the remainder when y is divided by m.
0
Let g(b) = 4*b - 14. Let u(v) = 6*v**2 + v - 1. Let j be u(1). Calculate the remainder when 37 is divided by g(j).
7
Suppose 3*h + d + 40 = 234, -3*d + 127 = 2*h. Let i = -5 - -4. Let g(z) = 16*z**2 - z. Calculate the remainder when h is divided by g(i).
14
Suppose -3*i + 22 = -2*q, 5*i - 7 = q + 18. Suppose 14 = 4*r - 122. What is the remainder when r is divided by i?
2
Let g = -489 - -497. Calculate the remainder when 206 is divided by g.
6
Let c(a) = a**3 - 15*a**2 + a + 19. Let s = 38 - 26. Calculate the remainder when c(15) is divided by s.
10
Let d be (-4)/14 + 6/21. Let p = 66 - d. What is the remainder when p is divided by 35/2 + 22/(-44)?
15
Suppose 2*j - 203 = 1327. Suppose -6*b - 111 = -j. What is the remainder when (-2)/(-3) + b/3 is divided by 13?
11
Let g = 7 - 2. Let s = -292 + 416. Suppose -4*t + 2*t + 214 = g*b, -3*b = -t - s. Calculate the remainder when b is divided by 15.
12
Let l = 41 - 44. Calculate the remainder when ((-207)/(-3) - 4) + 0 + l is divided by 7.
6
Suppose 81 + 9 = 3*g. What is the remainder when 85 is divided by g?
25
Let a = 593 + -587. Let y(k) = -28*k + 1. Calculate the remainder when y(-2) is divided by a.
3
Suppose -18*j + 88 = -92. Calculate the remainder when 208 is divided by j.
8
Let z(j) = j**2 + 2*j - 2. Let c be z(-3). Let u(g) = g**2 - 3*g - 4. Let o be u(5). Let q = c + o. What is the remainder when 19 is divided by q?
5
Let i be (2 - 13 - 1) + -2. Suppose -3*r - 72 = -3*t, 0 = 2*t + 4*r - 7*r - 45. Calculate the remainder when t is divided by (-206)/i + (-12)/(-42).
12
Let j = 341 - 312. What is the remainder when j is divided by 10?
9
Suppose -27 = -39*b + 30*b. Suppose 4*r - 5*g - 2 = -3*g, 4*r + g - 17 = 0. What is the remainder when b is divided by r?
0
Suppose -9*q = 8*q - 102. Suppose 0 = -q*n + 215 + 19. Calculate the remainder when n is divided by 12.
3
Suppose 2*q = 7*q - 15. Let p(f) = 2*f - 7. Let n = 2 - -3. Calculate the remainder when p(n) is divided by q.
0
Let w = 13 - 6. Let t = -4 + 14. Calculate the remainder when (-139)/(-5) + (-8)/t is divided by w.
6
Suppose -2*f - 4 = 0, 2*t - 7*f - 18 = -2*f. Suppose 0 = 3*r - t*r + 11. Calculate the remainder when r is divided by 15 - 3*(-120)/(-36).
1
Let r(h) = 33*h - 15. What is the remainder when r(2) is divided by 15?
6
Let h = 11 - 21. Let p = 13 + h. Suppose -p*q - 2*y = -4*y - 15, 2*y + 21 = 5*q. What is the remainder when 5 is divided by q?
2
Let n(x) = x**3 + 9*x**2 - 28*x - 15. What is the remainder when n(5) is divided by 112?
83
Let d = 422 - 403. Calculate the remainder when d is divided by 1.
0
Let o(y) = 65*y**2 - 1. Suppose 3*m + 12 = 0, -v = -2*v - 3*m + 112. Calculate the remainder when v is divided by o(-1).
60
Suppose -5*a + 70 = -q, -3*q + 8 + 6 = a. Calculate the remainder when 139 is divided by a.
13
Let v(c) = -3*c**3 - 5*c**2 - 5*c - 3. Suppose -10 - 6 = -2*a. Suppose -a*y - 78 + 278 = 0. Calculate the remainder when v(-3) is divided by y.
23
Suppose 5*k + 32*z = 37*z + 115, k - 23 = -z. What is the remainder when 24 is divided by k?
1
Let p = 368 + -298. Calculate the remainder when p is divided by 12.
10
Suppose 0 = -4*b - 3 + 15. Let x be 1 + (-1)/(3/b). Suppose d - 2*f - 65 = x, 0*d - 4*d = -3*f - 245. Calculate the remainder when d is divided by 15.
14
Suppose -3*p - 378 = -3*g, -2*g + 6*g - 514 = 2*p. What is the remainder when g is divided by 56?
19
Suppose 4*x = x - 15. Let u(a) = -3*a**2 - 17*a + 3. Calculate the remainder when 25 is div